{"id":41,"date":"2021-02-17T18:34:33","date_gmt":"2021-02-17T17:34:33","guid":{"rendered":"http:\/\/safe-se21.am.szczecin.pl\/?page_id=41"},"modified":"2021-10-13T09:01:42","modified_gmt":"2021-10-13T07:01:42","slug":"home","status":"publish","type":"page","link":"http:\/\/safe-se21.am.szczecin.pl\/","title":{"rendered":"SAFETY&#038;SECURITY 2021 &#8211; 1st INTERNATIONAL SCIENTIFIC CONFERENCE, 14 \u2013 15 October, Szczecin"},"content":{"rendered":"\n<h3 class=\"has-text-align-center has-large-font-size wp-block-heading\">Technopark Pomerania &amp; Zoom platform<\/h3>\n\n\n\n<h2 class=\"has-text-align-center has-medium-font-size wp-block-heading\">(The conference will be conducted in a hybrid way &#8211; on site and online)<\/h2>\n\n\n\n<div style=\"height:13px\" aria-hidden=\"true\" class=\"wp-block-spacer\"><\/div>\n\n\n\n<p><\/p>\n\n\n\n<div class=\"wp-block-columns is-layout-flex wp-container-core-columns-is-layout-9d6595d7 wp-block-columns-is-layout-flex\">\n<div class=\"wp-block-column is-layout-flow wp-block-column-is-layout-flow\">\n<div class=\"wp-block-image\"><figure class=\"aligncenter size-large is-resized\"><a href=\"https:\/\/wiet.am.szczecin.pl\/pl\/\" target=\"_blank\" rel=\"noopener\"><img loading=\"lazy\" decoding=\"async\" src=\"http:\/\/safe-se21.am.szczecin.pl\/wp-content\/uploads\/2021\/05\/Logo_WI-ET-938x1024.png\" alt=\"\" class=\"wp-image-363\" width=\"190\" height=\"207\" srcset=\"http:\/\/safe-se21.am.szczecin.pl\/wp-content\/uploads\/2021\/05\/Logo_WI-ET-938x1024.png 938w, http:\/\/safe-se21.am.szczecin.pl\/wp-content\/uploads\/2021\/05\/Logo_WI-ET-275x300.png 275w, http:\/\/safe-se21.am.szczecin.pl\/wp-content\/uploads\/2021\/05\/Logo_WI-ET-768x838.png 768w, http:\/\/safe-se21.am.szczecin.pl\/wp-content\/uploads\/2021\/05\/Logo_WI-ET-1408x1536.png 1408w, http:\/\/safe-se21.am.szczecin.pl\/wp-content\/uploads\/2021\/05\/Logo_WI-ET-1877x2048.png 1877w, http:\/\/safe-se21.am.szczecin.pl\/wp-content\/uploads\/2021\/05\/Logo_WI-ET-300x327.png 300w, http:\/\/safe-se21.am.szczecin.pl\/wp-content\/uploads\/2021\/05\/Logo_WI-ET-850x928.png 850w\" sizes=\"auto, (max-width: 190px) 100vw, 190px\" \/><\/a><\/figure><\/div>\n<\/div>\n\n\n\n<div class=\"wp-block-column is-vertically-aligned-center is-layout-flow wp-block-column-is-layout-flow\">\n<div class=\"wp-block-image\"><figure class=\"aligncenter size-large is-resized\"><a href=\"http:\/\/klastermorski.org\/\" target=\"_blank\" rel=\"noopener\"><img loading=\"lazy\" decoding=\"async\" src=\"http:\/\/safe-se21.am.szczecin.pl\/wp-content\/uploads\/2021\/05\/Logo_Zachodniopomorski-Klaster-Morski-1024x256.jpg\" alt=\"\" class=\"wp-image-407\" width=\"421\" height=\"105\" srcset=\"http:\/\/safe-se21.am.szczecin.pl\/wp-content\/uploads\/2021\/05\/Logo_Zachodniopomorski-Klaster-Morski-1024x256.jpg 1024w, http:\/\/safe-se21.am.szczecin.pl\/wp-content\/uploads\/2021\/05\/Logo_Zachodniopomorski-Klaster-Morski-300x75.jpg 300w, http:\/\/safe-se21.am.szczecin.pl\/wp-content\/uploads\/2021\/05\/Logo_Zachodniopomorski-Klaster-Morski-768x192.jpg 768w, http:\/\/safe-se21.am.szczecin.pl\/wp-content\/uploads\/2021\/05\/Logo_Zachodniopomorski-Klaster-Morski-1536x384.jpg 1536w, http:\/\/safe-se21.am.szczecin.pl\/wp-content\/uploads\/2021\/05\/Logo_Zachodniopomorski-Klaster-Morski-2048x512.jpg 2048w, http:\/\/safe-se21.am.szczecin.pl\/wp-content\/uploads\/2021\/05\/Logo_Zachodniopomorski-Klaster-Morski-850x213.jpg 850w\" sizes=\"auto, (max-width: 421px) 100vw, 421px\" \/><\/a><\/figure><\/div>\n<\/div>\n<\/div>\n\n\n<p align=\"justify\">Zapraszamy na pierwsz\u0105 edycj\u0119 konferencji dotycz\u0105cej szeroko rozumianej problematyki bezpiecze\u0144stwa. Konferencja b\u0119dzie spotkaniem nauki i&nbsp;praktyki. Naukowe podej\u015bcie do zagadnie\u0144 bezpiecze\u0144stwa w wybranych obszarach \u017cycia spo\u0142eczno-gospodarczego pozwoli na wskazanie kluczowych aspekt\u00f3w warunkuj\u0105cych ich zapewnienie (aspekty organizacyjne, zarz\u0105dcze, prawne, techniczne\/technologiczne, i&nbsp;\u015brodowiskowe), w&nbsp;wymiarze od \u015bwiatowego po lokalny. Z&nbsp;kolei praktycy zaprezentuj\u0105 najbardziej istotne problemy zwi\u0105zane z&nbsp;tworzeniem system\u00f3w bezpiecze\u0144stwa, zarz\u0105dzania nimi jak i&nbsp;przebiegiem proces\u00f3w warunkuj\u0105cych realizacj\u0119 przyj\u0119tych rozwi\u0105za\u0144 systemowych. Wymiana wiedzy pomi\u0119dzy praktykami i&nbsp;naukowcami b\u0119dzie r\u00f3wnie\u017c warto\u015bci\u0105 dodan\u0105 konferencji stwarzaj\u0105cej okazj\u0119 do nawi\u0105zywania kontakt\u00f3w owocuj\u0105cych rozwojem wsp\u00f3\u0142pracy we wszelkich aspektach zwi\u0105zanych z&nbsp;bezpiecze\u0144stwem.<\/p>\n<p align=\"justify\">We would like to invite you to the first edition of the conference on security issues. The&nbsp;conference will be a&nbsp;meeting of science and practice. Scientific approach to the issues of security in selected areas of socio-economic life will allow to indicate the key aspects conditioning their provision (organizational, managerial, legal, technical \/ technological, and environmental aspects), from global to local scale. In&nbsp;turn, practitioners will present the most important problems related to the development of security systems, their management, as well as the processes conditioning the implementation of the adopted system solutions. The exchange of knowledge between practitioners and researchers will also be an added value of the conference, providing an opportunity to establish contacts resulting in the development of cooperation in all aspects of security.<\/p>\n\n\n<div class=\"wp-block-columns is-layout-flex wp-container-core-columns-is-layout-9d6595d7 wp-block-columns-is-layout-flex\">\n<div class=\"wp-block-column is-layout-flow wp-block-column-is-layout-flow\">\n<div class=\"wp-block-image\"><figure class=\"aligncenter size-medium\"><img loading=\"lazy\" decoding=\"async\" width=\"261\" height=\"300\" src=\"http:\/\/safe-se21.am.szczecin.pl\/wp-content\/uploads\/2021\/05\/Patronat-Honorowy_Prezydent-261x300.jpg\" alt=\"\" class=\"wp-image-353\" srcset=\"http:\/\/safe-se21.am.szczecin.pl\/wp-content\/uploads\/2021\/05\/Patronat-Honorowy_Prezydent-261x300.jpg 261w, http:\/\/safe-se21.am.szczecin.pl\/wp-content\/uploads\/2021\/05\/Patronat-Honorowy_Prezydent-300x345.jpg 300w, http:\/\/safe-se21.am.szczecin.pl\/wp-content\/uploads\/2021\/05\/Patronat-Honorowy_Prezydent.jpg 412w\" sizes=\"auto, (max-width: 261px) 100vw, 261px\" \/><\/figure><\/div>\n<\/div>\n\n\n\n<div class=\"wp-block-column is-layout-flow wp-block-column-is-layout-flow\">\n<div class=\"wp-block-image\"><figure class=\"aligncenter size-medium is-resized\"><img loading=\"lazy\" decoding=\"async\" src=\"http:\/\/safe-se21.am.szczecin.pl\/wp-content\/uploads\/2021\/05\/Patronat-Honorowy_-Marszalek-300x228.jpg\" alt=\"\" class=\"wp-image-351\" width=\"255\" height=\"194\" srcset=\"http:\/\/safe-se21.am.szczecin.pl\/wp-content\/uploads\/2021\/05\/Patronat-Honorowy_-Marszalek-300x228.jpg 300w, http:\/\/safe-se21.am.szczecin.pl\/wp-content\/uploads\/2021\/05\/Patronat-Honorowy_-Marszalek-1024x777.jpg 1024w, http:\/\/safe-se21.am.szczecin.pl\/wp-content\/uploads\/2021\/05\/Patronat-Honorowy_-Marszalek-768x583.jpg 768w, http:\/\/safe-se21.am.szczecin.pl\/wp-content\/uploads\/2021\/05\/Patronat-Honorowy_-Marszalek-1536x1166.jpg 1536w, http:\/\/safe-se21.am.szczecin.pl\/wp-content\/uploads\/2021\/05\/Patronat-Honorowy_-Marszalek-2048x1555.jpg 2048w, http:\/\/safe-se21.am.szczecin.pl\/wp-content\/uploads\/2021\/05\/Patronat-Honorowy_-Marszalek-850x645.jpg 850w\" sizes=\"auto, (max-width: 255px) 100vw, 255px\" \/><\/figure><\/div>\n<\/div>\n\n\n\n<div class=\"wp-block-column is-layout-flow wp-block-column-is-layout-flow\">\n<div class=\"wp-block-columns is-layout-flex wp-container-core-columns-is-layout-9d6595d7 wp-block-columns-is-layout-flex\">\n<div class=\"wp-block-column is-layout-flow wp-block-column-is-layout-flow\" style=\"flex-basis:100%\">\n<div class=\"wp-block-image\"><figure class=\"aligncenter size-full\"><img loading=\"lazy\" decoding=\"async\" width=\"225\" height=\"225\" src=\"http:\/\/safe-se21.am.szczecin.pl\/wp-content\/uploads\/2021\/05\/Logo_AM.png\" alt=\"\" class=\"wp-image-368\" srcset=\"http:\/\/safe-se21.am.szczecin.pl\/wp-content\/uploads\/2021\/05\/Logo_AM.png 225w, http:\/\/safe-se21.am.szczecin.pl\/wp-content\/uploads\/2021\/05\/Logo_AM-150x150.png 150w\" sizes=\"auto, (max-width: 225px) 100vw, 225px\" \/><\/figure><\/div>\n\n\n\n<p class=\"has-text-align-center\"><strong>Patronat Honorowy<br>JM Rektora<br>Akademii Morskiej<br>w Szczecinie<\/strong><\/p>\n<\/div>\n<\/div>\n<\/div>\n<\/div>\n\n\n\n<p><\/p>\n","protected":false},"excerpt":{"rendered":"<p>Technopark Pomerania &amp; Zoom platform (The conference will be conducted in a hybrid way &#8211; on site and online) Zapraszamy na pierwsz\u0105 edycj\u0119 konferencji dotycz\u0105cej szeroko rozumianej problematyki bezpiecze\u0144stwa. Konferencja b\u0119dzie spotkaniem nauki i&nbsp;praktyki. Naukowe podej\u015bcie do zagadnie\u0144 bezpiecze\u0144stwa w wybranych obszarach \u017cycia spo\u0142eczno-gospodarczego pozwoli na wskazanie kluczowych aspekt\u00f3w warunkuj\u0105cych ich zapewnienie (aspekty organizacyjne, zarz\u0105dcze,&#8230;<\/p>\n","protected":false},"author":1,"featured_media":360,"parent":0,"menu_order":0,"comment_status":"closed","ping_status":"closed","template":"","meta":{"footnotes":""},"class_list":["post-41","page","type-page","status-publish","has-post-thumbnail","hentry"],"_links":{"self":[{"href":"http:\/\/safe-se21.am.szczecin.pl\/index.php\/wp-json\/wp\/v2\/pages\/41","targetHints":{"allow":["GET"]}}],"collection":[{"href":"http:\/\/safe-se21.am.szczecin.pl\/index.php\/wp-json\/wp\/v2\/pages"}],"about":[{"href":"http:\/\/safe-se21.am.szczecin.pl\/index.php\/wp-json\/wp\/v2\/types\/page"}],"author":[{"embeddable":true,"href":"http:\/\/safe-se21.am.szczecin.pl\/index.php\/wp-json\/wp\/v2\/users\/1"}],"replies":[{"embeddable":true,"href":"http:\/\/safe-se21.am.szczecin.pl\/index.php\/wp-json\/wp\/v2\/comments?post=41"}],"version-history":[{"count":26,"href":"http:\/\/safe-se21.am.szczecin.pl\/index.php\/wp-json\/wp\/v2\/pages\/41\/revisions"}],"predecessor-version":[{"id":511,"href":"http:\/\/safe-se21.am.szczecin.pl\/index.php\/wp-json\/wp\/v2\/pages\/41\/revisions\/511"}],"wp:featuredmedia":[{"embeddable":true,"href":"http:\/\/safe-se21.am.szczecin.pl\/index.php\/wp-json\/wp\/v2\/media\/360"}],"wp:attachment":[{"href":"http:\/\/safe-se21.am.szczecin.pl\/index.php\/wp-json\/wp\/v2\/media?parent=41"}],"curies":[{"name":"wp","href":"https:\/\/api.w.org\/{rel}","templated":true}]}}